= -6 - u. What are the prime factors of j?
2, 3
Let p(u) = -2*u**3 - 3*u**2 + 4*u + 2. Let y be p(-4). Suppose -2*j = 2*s + 54, -j = -3*j + 2*s - y. List the prime factors of (7/21)/((-2)/j).
5
Suppose 0 = -y + 3*p + 70, 0 = -y - 0*y + 5*p + 80. What are the prime factors of y?
5, 11
Suppose -7*b + 589 + 181 = 0. List the prime factors of b.
2, 5, 11
Suppose -11 + 65 = 3*z. Let i = -30 + z. Let g = 23 + i. What are the prime factors of g?
11
Suppose 0 = 3*b - b - 8. Suppose -b*t = -m - 5*t - 6, 5*t - 30 = 5*m. What are the prime factors of (m/4)/(9/(-24))?
2
Let x(d) = -d - 2. Let f be x(-2). Suppose f*l + 21 = 3*l. Suppose 4*w = -4*y + 68, -2*w - 5*y + l = -3*w. List the prime factors of w.
13
Suppose -2*p - 3 = d, 2*p = -3*d - 2*p - 7. Let q be 3/((-3)/d) - -5. What are the prime factors of (q/4)/(2/8)?
2, 3
Suppose -3*s = -2*z - 11 - 49, -3*z + 20 = s. Let c = s + -11. What are the prime factors of c?
3
Let s(h) be the second derivative of h**5/20 - 5*h**4/12 + h**3/3 - 3*h**2 + 3*h. What are the prime factors of s(5)?
2
Let b(u) = u**2 + u - 1. Let i(j) = -6*j**2 - 4*j + 4. Let r(k) = -11*b(k) - 2*i(k). Suppose -5*l = -0*l - 25. List the prime factors of r(l).
13
Let k = 61 - 10. What are the prime factors of k?
3, 17
Suppose -86 = -f - f. Suppose -2*k + f + 36 = -m, -3*k - 4*m + 102 = 0. What are the prime factors of k?
2, 19
Let v = -5 + 8. Suppose -4*y - o = -9, 0 = 3*y + 2*o - v*o + 2. Let h = 6 + y. List the prime factors of h.
7
Let k(l) be the third derivative of l**4/8 - 3*l**2. Let d be k(-1). Let n(o) = -o**3 - o**2 + 2*o. What are the prime factors of n(d)?
2, 3
Let i(w) be the first derivative of -w**2/2 + 21*w + 1. What are the prime factors of i(10)?
11
Suppose 72 + 56 = 2*r. List the prime factors of r.
2
Let c(g) = g**3 - 12*g**2 + 8*g + 23. List the prime factors of c(13).
2, 37
Let c be -2*5/(-2)*2. Suppose 3*k = 2*d - 3*d - 2, -2*k = 5*d + c. Let p(q) = q**2 - 3*q - 1. List the prime factors of p(d).
3
Let l(p) = -p + 7. Let q be l(7). Suppose q = -2*h - h - 27. What are the prime factors of (-93)/h - 4/(-6)?
11
Let d = -8 - -5. Let p be (-136)/(-6) - (-2)/d. Let l = p - 13. List the prime factors of l.
3
Suppose 0 = -m - m + 4*r + 34, -3*m = -5*r - 50. Suppose 0 = 4*x + 3 - m. Suppose -4*b = -x*b + 3*w - 3, 0 = 5*b + 4*w - 48. List the prime factors of b.
2, 3
What are the prime factors of 93/(-2)*80/(-15)?
2, 31
Let d = -6 - -2. Let b be 2/3 - d/(-6). Suppose 4*g - g - 33 = b. What are the prime factors of g?
11
Let g(l) be the first derivative of -l**3/6 - 3*l**2 + l - 2. Let u(z) be the first derivative of g(z). List the prime factors of u(-10).
2
Let b(f) = -f**2 + 6*f + 2. Let j(u) = u**2 - 6*u - 10. Let n be j(8). Let p be b(n). Suppose 3*h - 4 = h + p*i, 4*h = -5*i + 53. List the prime factors of h.
7
Let y(k) = -2*k + 2. Let v be y(-4). Suppose 4*l - l = 9. Let b = v - l. What are the prime factors of b?
7
Let b = 76 - 46. What are the prime factors of b?
2, 3, 5
Suppose 0 = -q - 2, -4*g + 2*q + 27 = -13. Suppose -g = 4*b + 15. Let l = b - -9. What are the prime factors of l?
3
Let w = 124 - -101. What are the prime factors of w?
3, 5
Let x = 85 - 20. What are the prime factors of x?
5, 13
Let b be (-2)/4*(-6 - 2). Suppose 3*w = b*m + w + 38, -3*w - 39 = 2*m. Let i = 17 + m. List the prime factors of i.
5
Let z(n) = 4*n. Let m be z(-2). Let q be ((-3)/1)/(3/m). Suppose 0 = -q*l + 3*l + 35. List the prime factors of l.
7
Let o be -7 + (3 - 1) + -1. Let g(q) be the second derivative of -q**3/6 - 3*q**2/2 - 3*q. List the prime factors of g(o).
3
Let h = -31 + -27. Let z = 88 + h. Suppose z = 2*m - 2. List the prime factors of m.
2
Let x = -3 + 0. Let j(h) = -h + 3. What are the prime factors of j(x)?
2, 3
Suppose -60 = -4*d - d. What are the prime factors of d?
2, 3
Let b be 35 + -5*(-8)/20. Let k = 57 - b. What are the prime factors of k?
2, 5
Let i = -8 - -14. Let d(y) = y**2 - 10*y + 4. Let c be d(10). Suppose c*a - i = 34. List the prime factors of a.
2, 5
Suppose -a - 5*u = -275, 4*u - u - 1066 = -4*a. List the prime factors of a.
5, 53
List the prime factors of 1/((-2)/24)*(-1148)/56.
2, 3, 41
Let b = 73 - 38. What are the prime factors of b?
5, 7
Let b = 76 + -51. List the prime factors of b.
5
Suppose 3*o - 41 = 2*o. What are the prime factors of o?
41
Suppose 41 = 4*u + t, -4*u + 27 = -u - 3*t. Suppose -2*m + 0*g + 7 = g, -4*g + u = -m. List the prime factors of m/(-3)*(1 - 28).
2, 3
Let k(m) = -m**2 - 1. Let w(g) = -g**3 + 4*g**2 - 7*g - 1. Let r(f) = 3*k(f) - w(f). List the prime factors of r(6).
2
Let u(j) = -j**3 + 5*j**2 - 6*j - 6. Let k be u(5). Let q = -22 - k. List the prime factors of q.
2, 7
Let a be -8*(0 - (-9)/(-12)). Suppose 0 = -5*j - 2*z + 26, -j - z + a*z - 11 = 0. Suppose 0 = -j*b + 53 - 21. What are the prime factors of b?
2
Suppose 0 = -3*d - d. Suppose d = 2*b - 22 - 10. List the prime factors of b.
2
Suppose 6*x = 2*x + 8. Suppose 0 = -x*z + 2 + 2. Let o(g) = 2*g**2 + g. What are the prime factors of o(z)?
2, 5
Let a(y) = 7*y + 1. Suppose 0 = 3*p + 2*p + 20. Let o = p - -5. What are the prime factors of a(o)?
2
Let t = 92 - 52. Suppose 0 = -5*m + t + 15. What are the prime factors of m?
11
Suppose 6 = o - 0*o. Suppose 2*y = -2*t - o, -y - 6 = y. Suppose 5*n + 2*r = -t*n + 57, -r + 12 = n. What are the prime factors of n?
11
Let x(f) = f + 8. Let k be 18/(-3 - -4 - -1). Suppose -4*i = -k*i + 30. What are the prime factors of x(i)?
2, 7
Let y(k) = -3*k**3 - 2*k**2 - 2*k - 3. Let f(j) = j**3 + 10*j**2 - 11*j - 2. Let l be f(-11). List the prime factors of y(l).
17
List the prime factors of 88 + -3*5/15.
3, 29
Let z = 0 + 2. List the prime factors of (-1)/z + (-7)/(-2).
3
What are the prime factors of 10/(3 - (-10)/(-4))?
2, 5
What are the prime factors of ((-3)/2 + 0)*-2?
3
List the prime factors of 4*7 - (-6 + 3).
31
Suppose 2*p + p - 30 = 0. What are the prime factors of p*(2 + -3 - -2)?
2, 5
Let l be 1 + 0 + (0 - -3). Suppose l*v - 3*w = 2*w + 53, -v = -3*w - 22. List the prime factors of v.
7
Let t = 14 + 7. List the prime factors of t.
3, 7
Let l(v) be the first derivative of v**3/3 + v**2/2 - 4*v - 3. Let k be l(-3). Suppose 0*g - k*c + 13 = g, c = 2*g - 21. List the prime factors of g.
11
Let t(k) = -3. Let d(c) = c + 3. Let q(u) = 4*d(u) + 5*t(u). List the prime factors of q(2).
5
Suppose 3*l = -5*k + 330, -3*k + 287 = 5*l + 73. List the prime factors of k.
3, 7
Let i(g) = 4 + 5*g**2 - g + g + g**3. Suppose 0 = 4*t - 0*t + 12. List the prime factors of i(t).
2, 11
Let u be 27/6 + 1/(-2). Suppose 2*q + 4*t + 34 = -q, u*q - 5*t = -4. Let m = q - -9. What are the prime factors of m?
3
Let g = -215 + -140. Let i = -240 - g. Suppose 2*k + i = 7*k. List the prime factors of k.
23
Suppose 0 = -z + 42 - 0. What are the prime factors of z?
2, 3, 7
Let a be (-4)/6 + (-25)/(-15). Let p(q) = 10*q**2 - 1. Let u be p(a). Suppose -70 = 4*w - u*w + 3*o, -4*w - 5*o = -56. List the prime factors of w.
2, 7
Let t = -62 + 126. What are the prime factors of t?
2
Let z = 27 - -2. What are the prime factors of z?
29
Let n(y) = y**3 + 13*y**2 - 14*y + 8. What are the prime factors of n(-14)?
2
Let u be (-8)/(-20) - 16/(-10). Suppose -x - 13 = -u*x. What are the prime factors of x?
13
What are the prime factors of ((-216)/20)/(4/(-20))?
2, 3
Let a = -14 - -33. What are the prime factors of a?
19
Let n(q) = q**2 - 6*q - 1. Let i be n(6). Let v(w) = 15*w**2 - w - 1. List the prime factors of v(i).
3, 5
Let t(b) = -b**3 + 9*b**2 - 5*b + 6. Let v be t(4). Let y = v + -47. What are the prime factors of y?
19
Suppose 2*l - 12 = 4*z, l + 2*z - 11 = 3*z. Suppose -5*v + 2 = 4*m + l, -m + 1 = -v. Let c = m - -8. List the prime factors of c.
7
Let h(q) = -q**3 - 7*q**2 - 3. Let s be h(-7). Let a = 5 + s. Suppose -7 = -a*c + 11. List the prime factors of c.
3
Let d(j) = 2*j**2 - 8*j - 6. Let i(z) = 0*z + 3*z**2 + 4*z - 20*z**3 + 19*z**3 - 2*z. Let c be i(3). What are the prime factors of d(c)?
2, 3
Let d(r) = 2*r - 2. Let f be d(-2). List the prime factors of (-86)/f - (-4)/(-12).
2, 7
Let n(p) = -p**3 + 14*p**2 + 21*p - 8. List the prime factors of n(15).
2, 41
Let o(z) = -z**2 + 6*z. What are the prime factors of o(3)?
3
Let o = 46 - 16. What are the prime factors of o?
2, 3, 5
Let y = 56 - 37. Suppose 0 = 5*